{"id":57386,"date":"2026-01-05T13:47:41","date_gmt":"2026-01-05T17:47:41","guid":{"rendered":"https:\/\/amazonia.fiocruz.br\/?page_id=57386"},"modified":"2026-04-17T13:19:19","modified_gmt":"2026-04-17T17:19:19","slug":"matricula-institucional-ppgbio-interacao-mestrado-chamada-publica-no-002-2024-2-2-2-2-3","status":"publish","type":"page","link":"https:\/\/amazonia.fiocruz.br\/?page_id=57386","title":{"rendered":"Edital n\u00ba 001\/2025 &#8211; Processo Seletivo PROFSA\u00daDE"},"content":{"rendered":"<div id='av_section_1'  class='avia-section main_color avia-section-default avia-no-shadow  avia-full-stretch avia-bg-style-scroll  avia-builder-el-0  el_before_av_one_full  avia-builder-el-first   av-minimum-height av-minimum-height-50  container_wrap sidebar_right' style='background-repeat: no-repeat; background-image: url(https:\/\/amazonia.fiocruz.br\/wp-content\/uploads\/2016\/07\/chamadapublica.jpg);background-attachment: scroll; background-position: top left;  '  data-section-bg-repeat='stretch' data-av_minimum_height_pc='50'><div class='container' ><main  role=\"main\" itemprop=\"mainContentOfPage\"  class='template-page content  av-content-small alpha units'><div class='post-entry post-entry-type-page post-entry-57386'><div class='entry-content-wrapper clearfix'>\n<div class=\"flex_column av_one_half  flex_column_div av-zero-column-padding first  avia-builder-el-1  avia-builder-el-no-sibling  \" style='border-radius:0px; '><div  style='padding-bottom:10px; color:#ffffff;font-size:30px;' class='av-special-heading av-special-heading-h3 custom-color-heading blockquote modern-quote  avia-builder-el-2  avia-builder-el-no-sibling  av-inherit-size '><h3 class='av-special-heading-tag '  itemprop=\"headline\"  >CHAMADAS P\u00daBLICAS<\/h3><div class ='av-subheading av-subheading_below av_custom_color ' style='font-size:18px;'><p>ILMD\/Fiocruz Amaz\u00f4nia<\/p>\n<\/div><div class='special-heading-border'><div class='special-heading-inner-border' style='border-color:#ffffff'><\/div><\/div><\/div><\/div>\n<\/div><\/div><\/main><!-- close content main element --><\/div><\/div><div id='after_section_1'  class='main_color av_default_container_wrap container_wrap sidebar_right' style=' '  ><div class='container' ><div class='template-page content  av-content-small alpha units'><div class='post-entry post-entry-type-page post-entry-57386'><div class='entry-content-wrapper clearfix'>\n<div class='flex_column_table av-equal-height-column-flextable -flextable' ><div class=\"flex_column av_one_full  av-animated-generic top-to-bottom  no_margin flex_column_table_cell av-equal-height-column av-align-top first  avia-builder-el-3  el_after_av_section  el_before_av_hr  avia-builder-el-first  \" style='padding:30px; background-color:rgba(255,255,255,0.33); border-radius:0px; '><div  style='padding-bottom:10px; font-size:30px;' class='av-special-heading av-special-heading-h3  blockquote modern-quote  avia-builder-el-4  avia-builder-el-no-sibling  av-thin-font av-inherit-size '><h3 class='av-special-heading-tag '  itemprop=\"headline\"  ><strong><b>PROFSA\u00daDE &#8211; Processo Seletivo <\/b> <\/strong> <\/h3><div class ='av-subheading av-subheading_below  ' style='font-size:15px;'><p>Edital n\u00ba 001\/2025 &#8211;  Processo Seletivo do Mestrado Profissional em  Sa\u00fade da Fam\u00edlia (PROFSA\u00daDE)<\/p>\n<\/div><div class='special-heading-border'><div class='special-heading-inner-border' ><\/div><\/div><\/div><\/div><\/div><!--close column table wrapper. Autoclose: 1 -->\n<div  style=' margin-top:5px; margin-bottom:30px;'  class='hr hr-custom hr-center hr-icon-yes   avia-builder-el-5  el_after_av_one_full  el_before_av_iconlist '><span class='hr-inner  inner-border-av-border-thin' style=' width:600px; border-color:#83a846; max-width:45%;' ><span class='hr-inner-style'><\/span><\/span><span class='av-seperator-icon'  aria-hidden='true' data-av_icon='\ue812' data-av_iconfont='entypo-fontello'><\/span><span class='hr-inner  inner-border-av-border-thin' style=' width:600px; border-color:#83a846; max-width:45%;' ><span class='hr-inner-style'><\/span><\/span><\/div>\n<div  class='avia-icon-list-container   avia-builder-el-6  el_after_av_hr  el_before_av_hr '><ul class='avia-icon-list avia-icon-list-left av-iconlist-big avia_animate_when_almost_visible avia-iconlist-animate'>\n<li><div  class='iconlist_icon  avia-font-entypo-fontello'><span class='iconlist-char ' aria-hidden='true' data-av_icon='\ue84d' data-av_iconfont='entypo-fontello'><\/span><\/div><article class=\"article-icon-entry \"  itemscope=\"itemscope\" itemtype=\"https:\/\/schema.org\/CreativeWork\" ><div class='iconlist_content_wrap'><header class=\"entry-content-header\"><h4 class='av_iconlist_title iconlist_title   '  itemprop=\"headline\"  ><a href='https:\/\/amazonia.fiocruz.br\/wp-content\/uploads\/2026\/04\/edital001-2025_profsaude_recursos_1etapafinal.pdf' title='Resultado definitivo da 1\u00aa Etapa' target=\"_blank\"  rel=\"noopener noreferrer\">Resultado definitivo da 1\u00aa Etapa<\/a><\/h4><\/header><div class='iconlist_content  '  itemprop=\"text\"  ><p>Resultado Definitivo da 1\u00aa Etapa \u2013 Prova escrita\/discursiva<\/p>\n<\/div><\/div><footer class=\"entry-footer\"><\/footer><\/article><div class='iconlist-timeline'><\/div><\/li>\n<li><div  class='iconlist_icon  avia-font-entypo-fontello'><span class='iconlist-char ' aria-hidden='true' data-av_icon='\ue84d' data-av_iconfont='entypo-fontello'><\/span><\/div><article class=\"article-icon-entry \"  itemscope=\"itemscope\" itemtype=\"https:\/\/schema.org\/CreativeWork\" ><div class='iconlist_content_wrap'><header class=\"entry-content-header\"><h4 class='av_iconlist_title iconlist_title   '  itemprop=\"headline\"  ><a href='https:\/\/amazonia.fiocruz.br\/wp-content\/uploads\/2026\/04\/edital001-2025_profsaude_recursos1etapa.pdf' title='Resultado dos Recursos da 1\u00aa Etapa' target=\"_blank\"  rel=\"noopener noreferrer\">Resultado dos Recursos da 1\u00aa Etapa<\/a><\/h4><\/header><div class='iconlist_content  '  itemprop=\"text\"  ><p><span data-olk-copy-source=\"MessageBody\">Resultado dos pedidos de recursos da 1\u00aa Etapa &#8211; Prova Discursiva<\/span><\/p>\n<\/div><\/div><footer class=\"entry-footer\"><\/footer><\/article><div class='iconlist-timeline'><\/div><\/li>\n<li><div  class='iconlist_icon  avia-font-entypo-fontello'><span class='iconlist-char ' aria-hidden='true' data-av_icon='\ue84d' data-av_iconfont='entypo-fontello'><\/span><\/div><article class=\"article-icon-entry \"  itemscope=\"itemscope\" itemtype=\"https:\/\/schema.org\/CreativeWork\" ><div class='iconlist_content_wrap'><header class=\"entry-content-header\"><h4 class='av_iconlist_title iconlist_title   '  itemprop=\"headline\"  ><a href='https:\/\/amazonia.fiocruz.br\/wp-content\/uploads\/2026\/04\/edital001-2025_profsaude_resultadopreliminar.pdf' title='Resultado Preliminar da 1\u00aa Etapa' target=\"_blank\"  rel=\"noopener noreferrer\">Resultado Preliminar da 1\u00aa Etapa<\/a><\/h4><\/header><div class='iconlist_content  '  itemprop=\"text\"  ><p>Resultado Preliminar da Prova escrita\/discursiva<\/p>\n<\/div><\/div><footer class=\"entry-footer\"><\/footer><\/article><div class='iconlist-timeline'><\/div><\/li>\n<\/ul><\/div>\n<div  style=' margin-top:5px; margin-bottom:30px;'  class='hr hr-custom hr-center hr-icon-yes   avia-builder-el-7  el_after_av_iconlist  el_before_av_iconlist '><span class='hr-inner  inner-border-av-border-thin' style=' width:600px; border-color:#83a846; max-width:45%;' ><span class='hr-inner-style'><\/span><\/span><span class='av-seperator-icon'  aria-hidden='true' data-av_icon='\ue812' data-av_iconfont='entypo-fontello'><\/span><span class='hr-inner  inner-border-av-border-thin' style=' width:600px; border-color:#83a846; max-width:45%;' ><span class='hr-inner-style'><\/span><\/span><\/div>\n<div  class='avia-icon-list-container   avia-builder-el-8  el_after_av_hr  el_before_av_hr '><ul class='avia-icon-list avia-icon-list-left av-iconlist-big avia_animate_when_almost_visible avia-iconlist-animate'>\n<li><div  class='iconlist_icon  avia-font-entypo-fontello'><span class='iconlist-char ' aria-hidden='true' data-av_icon='\ue84d' data-av_iconfont='entypo-fontello'><\/span><\/div><article class=\"article-icon-entry \"  itemscope=\"itemscope\" itemtype=\"https:\/\/schema.org\/CreativeWork\" ><div class='iconlist_content_wrap'><header class=\"entry-content-header\"><h4 class='av_iconlist_title iconlist_title   '  itemprop=\"headline\"  ><a href='https:\/\/amazonia.fiocruz.br\/wp-content\/uploads\/2026\/04\/edital001-2025_profsaude_gabarito.pdf' title='GABARITO DA 1\u00aa ETAPA' target=\"_blank\"  rel=\"noopener noreferrer\">GABARITO DA 1\u00aa ETAPA<\/a><\/h4><\/header><div class='iconlist_content  '  itemprop=\"text\"  ><p>Gabarito da prova escrita<\/p>\n<\/div><\/div><footer class=\"entry-footer\"><\/footer><\/article><div class='iconlist-timeline'><\/div><\/li>\n<li><div  class='iconlist_icon  avia-font-entypo-fontello'><span class='iconlist-char ' aria-hidden='true' data-av_icon='\ue84d' data-av_iconfont='entypo-fontello'><\/span><\/div><article class=\"article-icon-entry \"  itemscope=\"itemscope\" itemtype=\"https:\/\/schema.org\/CreativeWork\" ><div class='iconlist_content_wrap'><header class=\"entry-content-header\"><h4 class='av_iconlist_title iconlist_title   '  itemprop=\"headline\"  ><a href='https:\/\/amazonia.fiocruz.br\/wp-content\/uploads\/2026\/03\/edital001-2025_profsaude_orientacao_prova.pdf' title='Orienta\u00e7\u00f5es para prova' target=\"_blank\"  rel=\"noopener noreferrer\">Orienta\u00e7\u00f5es para prova<\/a><\/h4><\/header><div class='iconlist_content  '  itemprop=\"text\"  ><p>Orienta\u00e7\u00f5es sobre o Local de Realiza\u00e7\u00e3o da Prova<\/p>\n<\/div><\/div><footer class=\"entry-footer\"><\/footer><\/article><div class='iconlist-timeline'><\/div><\/li>\n<li><div  class='iconlist_icon  avia-font-entypo-fontello'><span class='iconlist-char ' aria-hidden='true' data-av_icon='\ue84d' data-av_iconfont='entypo-fontello'><\/span><\/div><article class=\"article-icon-entry \"  itemscope=\"itemscope\" itemtype=\"https:\/\/schema.org\/CreativeWork\" ><div class='iconlist_content_wrap'><header class=\"entry-content-header\"><h4 class='av_iconlist_title iconlist_title   '  itemprop=\"headline\"  ><a href='https:\/\/amazonia.fiocruz.br\/wp-content\/uploads\/2026\/03\/edital001-2025_profsaude_resultadofinal.pdf' title='Resultado Definitivo das inscri\u00e7\u00f5es' target=\"_blank\"  rel=\"noopener noreferrer\">Resultado Definitivo das inscri\u00e7\u00f5es<\/a><\/h4><\/header><div class='iconlist_content  '  itemprop=\"text\"  ><p><span data-olk-copy-source=\"MessageBody\">Resultado Definitivo das Inscri\u00e7\u00f5es do <\/span><span data-olk-copy-source=\"MessageBody\">Edital n\u00ba 01\/2025 Processo Seletivo do Mestrado Profissional em Sa\u00fade da Fam\u00edlia \u2013 PROFSA\u00daDE<\/span><\/p>\n<\/div><\/div><footer class=\"entry-footer\"><\/footer><\/article><div class='iconlist-timeline'><\/div><\/li>\n<li><div  class='iconlist_icon  avia-font-entypo-fontello'><span class='iconlist-char ' aria-hidden='true' data-av_icon='\ue84d' data-av_iconfont='entypo-fontello'><\/span><\/div><article class=\"article-icon-entry \"  itemscope=\"itemscope\" itemtype=\"https:\/\/schema.org\/CreativeWork\" ><div class='iconlist_content_wrap'><header class=\"entry-content-header\"><h4 class='av_iconlist_title iconlist_title   '  itemprop=\"headline\"  ><a href='https:\/\/amazonia.fiocruz.br\/wp-content\/uploads\/2026\/03\/edital001-2025_profsaude_recursos.pdf' title='Resultado dos Recursos ' target=\"_blank\"  rel=\"noopener noreferrer\">Resultado dos Recursos <\/a><\/h4><\/header><div class='iconlist_content  '  itemprop=\"text\"  ><p>Resultado de Pedidos de Recurso das Inscri\u00e7\u00f5es<\/p>\n<\/div><\/div><footer class=\"entry-footer\"><\/footer><\/article><div class='iconlist-timeline'><\/div><\/li>\n<li><div  class='iconlist_icon  avia-font-entypo-fontello'><span class='iconlist-char ' aria-hidden='true' data-av_icon='\ue84d' data-av_iconfont='entypo-fontello'><\/span><\/div><article class=\"article-icon-entry \"  itemscope=\"itemscope\" itemtype=\"https:\/\/schema.org\/CreativeWork\" ><div class='iconlist_content_wrap'><header class=\"entry-content-header\"><h4 class='av_iconlist_title iconlist_title   '  itemprop=\"headline\"  ><a href='https:\/\/amazonia.fiocruz.br\/wp-content\/uploads\/2026\/03\/Resultado-Inscricoes_homologadas_processo_seletivo_turma_6_PROFSAUDE.pdf' title='Resultado das Inscri\u00e7\u00f5es ' target=\"_blank\"  rel=\"noopener noreferrer\">Resultado das Inscri\u00e7\u00f5es <\/a><\/h4><\/header><div class='iconlist_content  '  itemprop=\"text\"  ><p><span data-olk-copy-source=\"MessageBody\">Resultado das Inscri\u00e7\u00f5es do Edital n\u00ba 01\/2025 Processo Seletivo do Mestrado Profissional em Sa\u00fade da Fam\u00edlia \u2013 PROFSA\u00daDE<\/span><\/p>\n<\/div><\/div><footer class=\"entry-footer\"><\/footer><\/article><div class='iconlist-timeline'><\/div><\/li>\n<li><div  class='iconlist_icon  avia-font-entypo-fontello'><span class='iconlist-char ' aria-hidden='true' data-av_icon='\ue84d' data-av_iconfont='entypo-fontello'><\/span><\/div><article class=\"article-icon-entry \"  itemscope=\"itemscope\" itemtype=\"https:\/\/schema.org\/CreativeWork\" ><div class='iconlist_content_wrap'><header class=\"entry-content-header\"><h4 class='av_iconlist_title iconlist_title   '  itemprop=\"headline\"  ><a href='https:\/\/amazonia.fiocruz.br\/wp-content\/uploads\/2026\/03\/edital001-2025_profsaude_errata03.pdf' title='ERRATA N\u00ba 3' target=\"_blank\"  rel=\"noopener noreferrer\">ERRATA N\u00ba 3<\/a><\/h4><\/header><div class='iconlist_content  '  itemprop=\"text\"  ><p><span data-olk-copy-source=\"MessageBody\">Altera\u00e7\u00f5es no cronograma do processo seletivo<\/span><\/p>\n<\/div><\/div><footer class=\"entry-footer\"><\/footer><\/article><div class='iconlist-timeline'><\/div><\/li>\n<li><div  class='iconlist_icon  avia-font-entypo-fontello'><span class='iconlist-char ' aria-hidden='true' data-av_icon='\ue84d' data-av_iconfont='entypo-fontello'><\/span><\/div><article class=\"article-icon-entry \"  itemscope=\"itemscope\" itemtype=\"https:\/\/schema.org\/CreativeWork\" ><div class='iconlist_content_wrap'><header class=\"entry-content-header\"><h4 class='av_iconlist_title iconlist_title   '  itemprop=\"headline\"  ><a href='https:\/\/amazonia.fiocruz.br\/wp-content\/uploads\/2026\/02\/edital001-2025_profsaude_anexo4.pdf' title='ANEXO 4' target=\"_blank\"  rel=\"noopener noreferrer\">ANEXO 4<\/a><\/h4><\/header><div class='iconlist_content  '  itemprop=\"text\"  ><p>Refer\u00eancias bibliogr\u00e1ficas para prova escrita (discursiva)<\/p>\n<\/div><\/div><footer class=\"entry-footer\"><\/footer><\/article><div class='iconlist-timeline'><\/div><\/li>\n<li><div  class='iconlist_icon  avia-font-entypo-fontello'><span class='iconlist-char ' aria-hidden='true' data-av_icon='\ue84d' data-av_iconfont='entypo-fontello'><\/span><\/div><article class=\"article-icon-entry \"  itemscope=\"itemscope\" itemtype=\"https:\/\/schema.org\/CreativeWork\" ><div class='iconlist_content_wrap'><header class=\"entry-content-header\"><h4 class='av_iconlist_title iconlist_title   '  itemprop=\"headline\"  ><a href='https:\/\/amazonia.fiocruz.br\/wp-content\/uploads\/2026\/02\/edital001-2025_profsaude_errata02.pdf' title='ERRATA N\u00ba 2' target=\"_blank\"  rel=\"noopener noreferrer\">ERRATA N\u00ba 2<\/a><\/h4><\/header><div class='iconlist_content  '  itemprop=\"text\"  ><p>Altera\u00e7\u00e3o no edital<\/p>\n<\/div><\/div><footer class=\"entry-footer\"><\/footer><\/article><div class='iconlist-timeline'><\/div><\/li>\n<li><div  class='iconlist_icon  avia-font-entypo-fontello'><span class='iconlist-char ' aria-hidden='true' data-av_icon='\ue84d' data-av_iconfont='entypo-fontello'><\/span><\/div><article class=\"article-icon-entry \"  itemscope=\"itemscope\" itemtype=\"https:\/\/schema.org\/CreativeWork\" ><div class='iconlist_content_wrap'><header class=\"entry-content-header\"><h4 class='av_iconlist_title iconlist_title   '  itemprop=\"headline\"  ><a href='https:\/\/amazonia.fiocruz.br\/wp-content\/uploads\/2026\/01\/Edital001-2025_profsaude_portaria01-2026.pdf' title='PORTARIA N\u00ba 1' target=\"_blank\"  rel=\"noopener noreferrer\">PORTARIA N\u00ba 1<\/a><\/h4><\/header><div class='iconlist_content  '  itemprop=\"text\"  ><p>Comiss\u00e3o de Sele\u00e7\u00e3o e Comiss\u00e3o de Recursos para o Processo Seletivo do Mestrado Profissional em Sa\u00fade da Fam\u00edlia (PROFSA\u00daDE)<\/p>\n<\/div><\/div><footer class=\"entry-footer\"><\/footer><\/article><div class='iconlist-timeline'><\/div><\/li>\n<li><div  class='iconlist_icon  avia-font-entypo-fontello'><span class='iconlist-char ' aria-hidden='true' data-av_icon='\ue84d' data-av_iconfont='entypo-fontello'><\/span><\/div><article class=\"article-icon-entry \"  itemscope=\"itemscope\" itemtype=\"https:\/\/schema.org\/CreativeWork\" ><div class='iconlist_content_wrap'><header class=\"entry-content-header\"><h4 class='av_iconlist_title iconlist_title   '  itemprop=\"headline\"  ><a href='https:\/\/amazonia.fiocruz.br\/wp-content\/uploads\/2026\/01\/Edital001-2025_profsaude_errata1.pdf' title='Errata N\u00ba 1' target=\"_blank\"  rel=\"noopener noreferrer\">Errata N\u00ba 1<\/a><\/h4><\/header><div class='iconlist_content  '  itemprop=\"text\"  ><p><span data-olk-copy-source=\"MessageBody\">Altera\u00e7\u00f5es no edital<\/span><\/p>\n<\/div><\/div><footer class=\"entry-footer\"><\/footer><\/article><div class='iconlist-timeline'><\/div><\/li>\n<li><div  class='iconlist_icon  avia-font-entypo-fontello'><span class='iconlist-char ' aria-hidden='true' data-av_icon='\ue84d' data-av_iconfont='entypo-fontello'><\/span><\/div><article class=\"article-icon-entry \"  itemscope=\"itemscope\" itemtype=\"https:\/\/schema.org\/CreativeWork\" ><div class='iconlist_content_wrap'><header class=\"entry-content-header\"><h4 class='av_iconlist_title iconlist_title   '  itemprop=\"headline\"  ><a href='https:\/\/amazonia.fiocruz.br\/wp-content\/uploads\/2026\/01\/edital001-2025_profsaude_resultadoimpug.pdf' title=' Pedidos de Impugna\u00e7\u00e3o do Edital' target=\"_blank\"  rel=\"noopener noreferrer\"> Pedidos de Impugna\u00e7\u00e3o do Edital<\/a><\/h4><\/header><div class='iconlist_content  '  itemprop=\"text\"  ><p><span data-olk-copy-source=\"MessageBody\">Resultado da an\u00e1lise dos pedidos de impugna\u00e7\u00e3o do edital<\/span><\/p>\n<\/div><\/div><footer class=\"entry-footer\"><\/footer><\/article><div class='iconlist-timeline'><\/div><\/li>\n<li><div  class='iconlist_icon  avia-font-entypo-fontello'><span class='iconlist-char ' aria-hidden='true' data-av_icon='\ue84d' data-av_iconfont='entypo-fontello'><\/span><\/div><article class=\"article-icon-entry \"  itemscope=\"itemscope\" itemtype=\"https:\/\/schema.org\/CreativeWork\" ><div class='iconlist_content_wrap'><header class=\"entry-content-header\"><h4 class='av_iconlist_title iconlist_title   '  itemprop=\"headline\"  ><a href='https:\/\/amazonia.fiocruz.br\/wp-content\/uploads\/2026\/01\/Edital001-2025_profsaude_ps.pdf' title='Edital n\u00ba 001\/2025' target=\"_blank\"  rel=\"noopener noreferrer\">Edital n\u00ba 001\/2025<\/a><\/h4><\/header><div class='iconlist_content  '  itemprop=\"text\"  ><p><span data-olk-copy-source=\"MessageBody\">Processo Seletivo para ingresso na 6\u00aa turma do Curso de Mestrado Profissional em Sa\u00fade da Fam\u00edlia \u2013 PROFSA\u00daDE<\/span><\/p>\n<\/div><\/div><footer class=\"entry-footer\"><\/footer><\/article><div class='iconlist-timeline'><\/div><\/li>\n<\/ul><\/div>\n<div  style=' margin-top:5px; margin-bottom:30px;'  class='hr hr-custom hr-center hr-icon-yes   avia-builder-el-9  el_after_av_iconlist  el_before_av_heading '><span class='hr-inner  inner-border-av-border-thin' style=' width:600px; border-color:#83a846; max-width:45%;' ><span class='hr-inner-style'><\/span><\/span><span class='av-seperator-icon'  aria-hidden='true' data-av_icon='\ue812' data-av_iconfont='entypo-fontello'><\/span><span class='hr-inner  inner-border-av-border-thin' style=' width:600px; border-color:#83a846; max-width:45%;' ><span class='hr-inner-style'><\/span><\/span><\/div>\n<div  style='padding-bottom:10px; font-size:30px;' class='av-special-heading av-special-heading-h3  blockquote modern-quote  avia-builder-el-10  el_after_av_hr  el_before_av_iconlist  av-thin-font av-inherit-size '><h3 class='av-special-heading-tag '  itemprop=\"headline\"  ><strong><b>LINKS <\/b> <\/strong> <\/h3><div class='special-heading-border'><div class='special-heading-inner-border' ><\/div><\/div><\/div>\n<div  class='avia-icon-list-container   avia-builder-el-11  el_after_av_heading  avia-builder-el-last '><ul class='avia-icon-list avia-icon-list-left av-iconlist-big avia_animate_when_almost_visible avia-iconlist-animate'>\n<li><div  class='iconlist_icon  avia-font-entypo-fontello'><span class='iconlist-char ' aria-hidden='true' data-av_icon='\ue84d' data-av_iconfont='entypo-fontello'><\/span><\/div><article class=\"article-icon-entry \"  itemscope=\"itemscope\" itemtype=\"https:\/\/schema.org\/CreativeWork\" ><div class='iconlist_content_wrap'><header class=\"entry-content-header\"><h4 class='av_iconlist_title iconlist_title   '  itemprop=\"headline\"  ><a href='https:\/\/www.sigass.fiocruz.br\/pub\/inscricao.do?codP=126' title='SIGA FIOCRUZ' target=\"_blank\" rel=\"noopener noreferrer\">SIGA FIOCRUZ<\/a><\/h4><\/header><div class='iconlist_content  '  itemprop=\"text\"  ><p><a href=\"https:\/\/www.sigass.fiocruz.br\/pub\/inscricao.do?codP=126\"><span data-olk-copy-source=\"MessageBody\">Acesse a plataforma SIGASS da Fiocruz e fique por dentro das publica\u00e7\u00f5es deste edital<br class=\"avia-permanent-lb\" \/><\/span><span data-olk-copy-source=\"MessageBody\">Para se inscrever, clique em &#8220;Iniciar inscri\u00e7\u00e3o&#8221; ao final da p\u00e1gina<\/span><\/a><\/p>\n<\/div><\/div><footer class=\"entry-footer\"><\/footer><\/article><div class='iconlist-timeline'><\/div><\/li>\n<li><div  class='iconlist_icon  avia-font-entypo-fontello'><span class='iconlist-char ' aria-hidden='true' data-av_icon='\ue84d' data-av_iconfont='entypo-fontello'><\/span><\/div><article class=\"article-icon-entry \"  itemscope=\"itemscope\" itemtype=\"https:\/\/schema.org\/CreativeWork\" ><div class='iconlist_content_wrap'><header class=\"entry-content-header\"><h4 class='av_iconlist_title iconlist_title   '  itemprop=\"headline\"  ><a href='https:\/\/profsaude-abrasco.fiocruz.br\/inscricao-selecao' title='Site do PROFSA\u00daDE' target=\"_blank\" rel=\"noopener noreferrer\">Site do PROFSA\u00daDE<\/a><\/h4><\/header><div class='iconlist_content  '  itemprop=\"text\"  ><p><span data-olk-copy-source=\"MessageBody\"><a href=\"https:\/\/profsaude-abrasco.fiocruz.br\/inscricao-selecao\">Mais informa\u00e7\u00f5es sobre o programa e anexos necess\u00e1rios para inscri\u00e7\u00e3o<\/a><a href=\"https:\/\/profsaude-abrasco.fiocruz.br\/inscricao-selecao\"><br class=\"avia-permanent-lb\" \/><\/a><\/span><\/p>\n<\/div><\/div><footer class=\"entry-footer\"><\/footer><\/article><div class='iconlist-timeline'><\/div><\/li>\n<\/ul><\/div>\n","protected":false},"excerpt":{"rendered":"","protected":false},"author":78,"featured_media":0,"parent":0,"menu_order":0,"comment_status":"closed","ping_status":"closed","template":"","meta":{"footnotes":""},"class_list":["post-57386","page","type-page","status-publish","hentry"],"_links":{"self":[{"href":"https:\/\/amazonia.fiocruz.br\/index.php?rest_route=\/wp\/v2\/pages\/57386","targetHints":{"allow":["GET"]}}],"collection":[{"href":"https:\/\/amazonia.fiocruz.br\/index.php?rest_route=\/wp\/v2\/pages"}],"about":[{"href":"https:\/\/amazonia.fiocruz.br\/index.php?rest_route=\/wp\/v2\/types\/page"}],"author":[{"embeddable":true,"href":"https:\/\/amazonia.fiocruz.br\/index.php?rest_route=\/wp\/v2\/users\/78"}],"replies":[{"embeddable":true,"href":"https:\/\/amazonia.fiocruz.br\/index.php?rest_route=%2Fwp%2Fv2%2Fcomments&post=57386"}],"version-history":[{"count":13,"href":"https:\/\/amazonia.fiocruz.br\/index.php?rest_route=\/wp\/v2\/pages\/57386\/revisions"}],"predecessor-version":[{"id":59059,"href":"https:\/\/amazonia.fiocruz.br\/index.php?rest_route=\/wp\/v2\/pages\/57386\/revisions\/59059"}],"wp:attachment":[{"href":"https:\/\/amazonia.fiocruz.br\/index.php?rest_route=%2Fwp%2Fv2%2Fmedia&parent=57386"}],"curies":[{"name":"wp","href":"https:\/\/api.w.org\/{rel}","templated":true}]}}