{"id":46401,"date":"2024-06-21T16:02:22","date_gmt":"2024-06-21T20:02:22","guid":{"rendered":"https:\/\/amazonia.fiocruz.br\/?page_id=46401"},"modified":"2024-12-27T19:22:08","modified_gmt":"2024-12-27T23:22:08","slug":"gestao-das-organizacoes-publicas-de-saude-projeto-qualificasus-2","status":"publish","type":"page","link":"https:\/\/amazonia.fiocruz.br\/?page_id=46401","title":{"rendered":"Especializa\u00e7\u00e3o em Sa\u00fade P\u00fablica &#8211; Projeto QualificaSUS"},"content":{"rendered":"<div id='av_section_1'  class='avia-section main_color avia-section-default avia-no-shadow  avia-full-stretch avia-bg-style-scroll  avia-builder-el-0  el_before_av_submenu  avia-builder-el-first   av-minimum-height av-minimum-height-50  container_wrap sidebar_right' style='background-repeat: no-repeat; background-image: url(https:\/\/amazonia.fiocruz.br\/wp-content\/uploads\/2024\/04\/scv-wevwd-4.png);background-attachment: scroll; background-position: top left;  '  data-section-bg-repeat='stretch' data-av_minimum_height_pc='50'><div class='container' ><main  role=\"main\" itemprop=\"mainContentOfPage\"  class='template-page content  av-content-small alpha units'><div class='post-entry post-entry-type-page post-entry-46401'><div class='entry-content-wrapper clearfix'>\n<div class=\"flex_column av_one_half  flex_column_div av-zero-column-padding first  avia-builder-el-1  avia-builder-el-no-sibling  \" style='border-radius:0px; '><div  style='padding-bottom:10px; color:#ffffff;font-size:30px;' class='av-special-heading av-special-heading-h3 custom-color-heading blockquote modern-quote  avia-builder-el-2  avia-builder-el-no-sibling  av-inherit-size '><h3 class='av-special-heading-tag '  itemprop=\"headline\"  >Especializa\u00e7\u00e3o em Sa\u00fade P\u00fablica<\/h3><div class ='av-subheading av-subheading_below av_custom_color ' style='font-size:18px;'><p>Especializa\u00e7\u00e3o<\/p>\n<\/div><div class='special-heading-border'><div class='special-heading-inner-border' style='border-color:#ffffff'><\/div><\/div><\/div><\/div>\n\n<\/div><\/div><\/main><!-- close content main element --><\/div><\/div><div class='clear'><\/div><div id='sub_menu1'  class='av-submenu-container header_color  avia-builder-el-3  el_after_av_section  el_before_av_textblock  av-sticky-submenu  submenu-not-first container_wrap sidebar_right' style='  z-index:301' ><div class='container av-menu-mobile-disabled '><ul id=\"menu-qualifica-sus\" class=\"av-subnav-menu av-submenu-pos-center\"><li id=\"menu-item-46362\" class=\"menu-item menu-item-type-custom menu-item-object-custom menu-item-top-level menu-item-top-level-1\"><a href=\"https:\/\/amazonia.fiocruz.br\/?page_id=43523\" itemprop=\"url\"><span class=\"avia-bullet\"><\/span><span class=\"avia-menu-text\">O Projeto<\/span><span class=\"avia-menu-fx\"><span class=\"avia-arrow-wrap\"><span class=\"avia-arrow\"><\/span><\/span><\/span><\/a><\/li>\n<li id=\"menu-item-46366\" class=\"menu-item menu-item-type-custom menu-item-object-custom menu-item-top-level menu-item-top-level-2\"><a href=\"https:\/\/amazonia.fiocruz.br\/?page_id=46364\" itemprop=\"url\"><span class=\"avia-bullet\"><\/span><span class=\"avia-menu-text\">Qualifica\u00e7\u00f5es<\/span><span class=\"avia-menu-fx\"><span class=\"avia-arrow-wrap\"><span class=\"avia-arrow\"><\/span><\/span><\/span><\/a><\/li>\n<li id=\"menu-item-46370\" class=\"menu-item menu-item-type-custom menu-item-object-custom menu-item-top-level menu-item-top-level-3\"><a href=\"https:\/\/amazonia.fiocruz.br\/?page_id=43551\" itemprop=\"url\"><span class=\"avia-bullet\"><\/span><span class=\"avia-menu-text\">Mestrado<\/span><span class=\"avia-menu-fx\"><span class=\"avia-arrow-wrap\"><span class=\"avia-arrow\"><\/span><\/span><\/span><\/a><\/li>\n<li id=\"menu-item-46371\" class=\"menu-item menu-item-type-custom menu-item-object-custom menu-item-top-level menu-item-top-level-4\"><a href=\"https:\/\/amazonia.fiocruz.br\/?page_id=43584\" itemprop=\"url\"><span class=\"avia-bullet\"><\/span><span class=\"avia-menu-text\">Especializa\u00e7\u00e3o<\/span><span class=\"avia-menu-fx\"><span class=\"avia-arrow-wrap\"><span class=\"avia-arrow\"><\/span><\/span><\/span><\/a><\/li>\n<li id=\"menu-item-46436\" class=\"menu-item menu-item-type-custom menu-item-object-custom menu-item-top-level menu-item-top-level-5\"><a href=\"https:\/\/amazonia.fiocruz.br\/?page_id=46414&amp;preview_id=46414\" itemprop=\"url\"><span class=\"avia-bullet\"><\/span><span class=\"avia-menu-text\">Cursos de Atualiza\u00e7\u00e3o<\/span><span class=\"avia-menu-fx\"><span class=\"avia-arrow-wrap\"><span class=\"avia-arrow\"><\/span><\/span><\/span><\/a><\/li>\n<\/ul><\/div><\/div><div class='sticky_placeholder'><\/div><div id='after_submenu'  class='main_color av_default_container_wrap container_wrap sidebar_right' style=' '  ><div class='container' ><div class='template-page content  av-content-small alpha units'><div class='post-entry post-entry-type-page post-entry-46401'><div class='entry-content-wrapper clearfix'>\n<section class=\"av_textblock_section \"  itemscope=\"itemscope\" itemtype=\"https:\/\/schema.org\/CreativeWork\" ><div class='avia_textblock  '   itemprop=\"text\" ><\/div><\/section>\n<\/div><\/div><\/div><!-- close content main div --><\/div><\/div><div id='av_section_2'  class='avia-section main_color avia-section-small avia-no-border-styling  avia-bg-style-scroll  avia-builder-el-5  el_after_av_textblock  avia-builder-el-last   container_wrap sidebar_right' style=' '  ><div class='container' ><div class='template-page content  av-content-small alpha units'><div class='post-entry post-entry-type-page post-entry-46401'><div class='entry-content-wrapper clearfix'>\n<div class=\"flex_column av_two_third  flex_column_div av-zero-column-padding first  avia-builder-el-6  el_before_av_one_third  avia-builder-el-first  \" style='border-radius:0px; '><section class=\"av_textblock_section \"  itemscope=\"itemscope\" itemtype=\"https:\/\/schema.org\/CreativeWork\" ><div class='avia_textblock  '   itemprop=\"text\" ><h2>SOBRE O CURSO<\/h2>\n<hr \/>\n<h2><\/h2>\n<\/div><\/section><br \/>\n<section class=\"av_textblock_section \"  itemscope=\"itemscope\" itemtype=\"https:\/\/schema.org\/CreativeWork\" ><div class='avia_textblock  '   itemprop=\"text\" ><p style=\"text-align: justify;\"><span style=\"color: #808080;\">O curso tem por objetivo formar sanitaristas qualificados na perspectiva interprofissional para gerar novos conhecimentos e atuar no territ\u00f3rio como espa\u00e7o privilegiado da sa\u00fade p\u00fablica.<br \/>\nEm parceria com o Conselho de Secret\u00e1rios Municipais de Sa\u00fade do Amazonas (Cosems-AM), o curso teve a oferta de 1 turma no munic\u00edpio de Manacapuru. Possui uma carga hor\u00e1ria total de 360 horas. Aos egressos do curso ser\u00e1 concedido o t\u00edtulo de Especialista em Sa\u00fade P\u00fablica.<\/p>\n<\/div><\/section><br \/>\n<section class=\"av_textblock_section \"  itemscope=\"itemscope\" itemtype=\"https:\/\/schema.org\/CreativeWork\" ><div class='avia_textblock  '   itemprop=\"text\" ><p>\u2800\u2800\u2800\u2800\u2800\u2800\u2800\u2800\u2800<\/p>\n<\/div><\/section><br \/>\n<section class=\"av_textblock_section \"  itemscope=\"itemscope\" itemtype=\"https:\/\/schema.org\/CreativeWork\" ><div class='avia_textblock  '   itemprop=\"text\" ><p>\u2800\u2800\u2800\u2800\u2800\u2800\u2800\u2800\u2800<\/p>\n<\/div><\/section><br \/>\n<section class=\"av_textblock_section \"  itemscope=\"itemscope\" itemtype=\"https:\/\/schema.org\/CreativeWork\" ><div class='avia_textblock  '   itemprop=\"text\" ><h2>P\u00daBLICO-ALVO<\/h2>\n<hr \/>\n<h2><\/h2>\n<\/div><\/section><br \/>\n<section class=\"av_textblock_section \"  itemscope=\"itemscope\" itemtype=\"https:\/\/schema.org\/CreativeWork\" ><div class='avia_textblock  '   itemprop=\"text\" ><p style=\"text-align: justify;\"><span style=\"color: #808080;\">Profissionais com n\u00edvel superior, com v\u00ednculo de trabalho na rede de sa\u00fade p\u00fablica do munic\u00edpio de Manacapuru e de munic\u00edpios vizinhos a este.<\/p>\n<\/div><\/section><br \/>\n<section class=\"av_textblock_section \"  itemscope=\"itemscope\" itemtype=\"https:\/\/schema.org\/CreativeWork\" ><div class='avia_textblock  '   itemprop=\"text\" ><p>\u2800\u2800\u2800\u2800\u2800\u2800\u2800\u2800\u2800<\/p>\n<\/div><\/section><br \/>\n<section class=\"av_textblock_section \"  itemscope=\"itemscope\" itemtype=\"https:\/\/schema.org\/CreativeWork\" ><div class='avia_textblock  '   itemprop=\"text\" ><p>\u2800\u2800\u2800\u2800\u2800\u2800\u2800\u2800\u2800<\/p>\n<\/div><\/section><br \/>\n<section class=\"av_textblock_section \"  itemscope=\"itemscope\" itemtype=\"https:\/\/schema.org\/CreativeWork\" ><div class='avia_textblock  '   itemprop=\"text\" ><h2>COORDENADOR<\/h2>\n<hr \/>\n<h2><\/h2>\n<\/div><\/section><br \/>\n<section class=\"av_textblock_section \"  itemscope=\"itemscope\" itemtype=\"https:\/\/schema.org\/CreativeWork\" ><div class='avia_textblock  '   itemprop=\"text\" ><p><span style=\"color: #808080;\">Dr. Julio Cesar Schweickardt<\/p>\n<\/div><\/section><br \/>\n<section class=\"av_textblock_section \"  itemscope=\"itemscope\" itemtype=\"https:\/\/schema.org\/CreativeWork\" ><div class='avia_textblock  '   itemprop=\"text\" ><p>\u2800\u2800\u2800\u2800\u2800\u2800\u2800\u2800\u2800<\/p>\n<\/div><\/section><br \/>\n<section class=\"av_textblock_section \"  itemscope=\"itemscope\" itemtype=\"https:\/\/schema.org\/CreativeWork\" ><div class='avia_textblock  '   itemprop=\"text\" ><p>\u2800\u2800\u2800\u2800\u2800\u2800\u2800\u2800\u2800<\/p>\n<\/div><\/section><br \/>\n<section class=\"av_textblock_section \"  itemscope=\"itemscope\" itemtype=\"https:\/\/schema.org\/CreativeWork\" ><div class='avia_textblock  '   itemprop=\"text\" ><h2>EGRESSO<\/h2>\n<hr \/>\n<h2><\/h2>\n<\/div><\/section><br \/>\n<div   class=\"togglecontainer   toggle_close_all  avia-builder-el-20  el_after_av_textblock  el_before_av_textblock \" >\n<section class=\"av_toggle_section\"  itemscope=\"itemscope\" itemtype=\"https:\/\/schema.org\/CreativeWork\"  >    <div role=\"tablist\" class=\"single_toggle\" data-tags=\"{Todos} \"  >        <p data-fake-id=\"#toggle-id-1\" class=\"toggler \"  itemprop=\"headline\"    role=\"tab\" tabindex=\"0\" aria-controls=\"toggle-id-1\">Manacapuru<span class=\"toggle_icon\" >        <span class=\"vert_icon\"><\/span><span class=\"hor_icon\"><\/span><\/span><\/p>        <div id=\"toggle-id-1\" class=\"toggle_wrap \"   >            <div class=\"toggle_content invers-color \"  itemprop=\"text\"   ><table width=\"548\">\n<tbody>\n<tr>\n<td width=\"548\">Alessandra da Silva Costa<\/td>\n<\/tr>\n<tr>\n<td width=\"548\">Alessandra de Oliveira Santiago<\/td>\n<\/tr>\n<tr>\n<td width=\"548\">Aline Priscila Corr\u00eaa Martins<\/td>\n<\/tr>\n<tr>\n<td width=\"548\">Amanda Alves Andion Nogueira<\/td>\n<\/tr>\n<tr>\n<td width=\"548\">Ant\u00f4nia Evil\u00e2nnia Cavalcante Maciel<\/td>\n<\/tr>\n<tr>\n<td width=\"548\">Aridiane Silva de Souza<\/td>\n<\/tr>\n<tr>\n<td width=\"548\">Beatriz Coelho Silva<\/td>\n<\/tr>\n<tr>\n<td width=\"548\">Benanias Souza e Souza<\/td>\n<\/tr>\n<tr>\n<td width=\"548\">Cristiane Coutinho da Cruz da Silva<\/td>\n<\/tr>\n<tr>\n<td width=\"548\">Eduardo Henrique dos Santos Roca<\/td>\n<\/tr>\n<tr>\n<td width=\"548\">Eliz\u00e2ngela Flores Nogueira<\/td>\n<\/tr>\n<tr>\n<td width=\"548\">Erielma Santos Lima<\/td>\n<\/tr>\n<tr>\n<td width=\"548\">Erlen Akila Batista da Silva<\/td>\n<\/tr>\n<tr>\n<td width=\"548\">Fabiana de Melo Tupan Wioppiold<\/td>\n<\/tr>\n<tr>\n<td width=\"548\">Francirl\u00facya Silva Colares<\/td>\n<\/tr>\n<tr>\n<td width=\"548\">Gabriel Paiva Rodrigues<\/td>\n<\/tr>\n<tr>\n<td width=\"548\">Heline Rocha dos Santos<\/td>\n<\/tr>\n<tr>\n<td width=\"548\">Iago Orleans Pinheiro Monteiro<\/td>\n<\/tr>\n<tr>\n<td width=\"548\">Joana Gomes de Oliveira<\/td>\n<\/tr>\n<tr>\n<td width=\"548\">Jo\u00e3o Lucas da Silva Ramos<\/td>\n<\/tr>\n<tr>\n<td width=\"548\">Joel Fernando de Lima G\u00f3es<\/td>\n<\/tr>\n<tr>\n<td width=\"548\">J\u00falia Daniela Silva dos Santos<\/td>\n<\/tr>\n<tr>\n<td width=\"548\">Karen Drielly Carneiro da Silva<\/td>\n<\/tr>\n<tr>\n<td width=\"548\">Karoline Bruna Lopes Pimentel<\/td>\n<\/tr>\n<tr>\n<td width=\"548\">Karoline Pinheiro de Souza<\/td>\n<\/tr>\n<tr>\n<td width=\"548\">Laene Concei\u00e7\u00e3o Gadelha<\/td>\n<\/tr>\n<tr>\n<td width=\"548\">Liliam Rafaelle Souza da Silva<\/td>\n<\/tr>\n<tr>\n<td width=\"548\">Malu Souza dos Santos<\/td>\n<\/tr>\n<tr>\n<td width=\"548\">Maria Tadiane da Costa Freitas<\/td>\n<\/tr>\n<tr>\n<td width=\"548\">Marilene Ferreira de Ara\u00fajo<\/td>\n<\/tr>\n<tr>\n<td width=\"548\">Matheus da Cunha Dias Furtado<\/td>\n<\/tr>\n<tr>\n<td width=\"548\">Orlaney Luciane dos Santos Lopes<\/td>\n<\/tr>\n<tr>\n<td width=\"548\">Paulo Roberto Basto de Ara\u00fajo<\/td>\n<\/tr>\n<tr>\n<td width=\"548\">Paulo Rog\u00e9rio Viana de Souza<\/td>\n<\/tr>\n<tr>\n<td width=\"548\">Raimunda \u00c2ngela Lopes Cerdeira<\/td>\n<\/tr>\n<tr>\n<td width=\"548\">Rosimar Almeida da Silva<\/td>\n<\/tr>\n<tr>\n<td width=\"548\">Samantha Dantas da Rocha<\/td>\n<\/tr>\n<tr>\n<td width=\"548\">Scheilla Casas Rosas<\/td>\n<\/tr>\n<tr>\n<td width=\"548\">Sheila Cristina Ramos e Silva<\/td>\n<\/tr>\n<tr>\n<td width=\"548\">Shirlene Oliveira Pican\u00e7o<\/td>\n<\/tr>\n<tr>\n<td width=\"548\">Shubert Klinstenys Oliveira de Castro<\/td>\n<\/tr>\n<tr>\n<td width=\"548\">Suzana da Costa Ribeiro<\/td>\n<\/tr>\n<tr>\n<td width=\"548\">Thiago Coelho Cardoso<\/td>\n<\/tr>\n<tr>\n<td width=\"548\">Vit\u00f3ria Maria Nogueira Barros<\/td>\n<\/tr>\n<tr>\n<td width=\"548\">Wanderlane da Costa Silva<\/td>\n<\/tr>\n<tr>\n<td width=\"548\">Yon\u00e1 Bezerra Souza<\/td>\n<\/tr>\n<\/tbody>\n<\/table>\n            <\/div>        <\/div>    <\/div><\/section>\n<\/div><br \/>\n<section class=\"av_textblock_section \"  itemscope=\"itemscope\" itemtype=\"https:\/\/schema.org\/CreativeWork\" ><div class='avia_textblock  '   itemprop=\"text\" ><p>\u2800\u2800\u2800\u2800\u2800\u2800\u2800\u2800\u2800<\/p>\n<\/div><\/section><br \/>\n<section class=\"av_textblock_section \"  itemscope=\"itemscope\" itemtype=\"https:\/\/schema.org\/CreativeWork\" ><div class='avia_textblock  '   itemprop=\"text\" ><p>\u2800\u2800\u2800\u2800\u2800\u2800\u2800\u2800\u2800<\/p>\n<\/div><\/section><\/p><\/div><div class=\"flex_column av_one_third  flex_column_div av-zero-column-padding   avia-builder-el-23  el_after_av_two_third  avia-builder-el-last  \" style='border-radius:0px; '><p><span  class=\"av_font_icon avia_animate_when_visible avia-icon-animate  av-icon-style-border  av-no-color avia-icon-pos-center \" style=\"\"><a href='https:\/\/amazonia.fiocruz.br\/?page_id=41689\/#manuais'   class='av-icon-char' style='font-size:40px;line-height:40px;width:40px;' aria-hidden='true' data-av_icon='\ue84e' data-av_iconfont='entypo-fontello' ><\/a><span class='av_icon_caption av-special-font'>Manual do Aluno \u2013 Lato Sensu<\/span><\/span><br \/>\n<section class=\"av_textblock_section \"  itemscope=\"itemscope\" itemtype=\"https:\/\/schema.org\/CreativeWork\" ><div class='avia_textblock  '   itemprop=\"text\" ><p>\u2800\u2800\u2800\u2800\u2800\u2800\u2800\u2800\u2800<\/p>\n<\/div><\/section><br \/>\n<span  class=\"av_font_icon avia_animate_when_visible avia-icon-animate  av-icon-style-border  av-no-color avia-icon-pos-center \" style=\"\"><a href='https:\/\/amazonia.fiocruz.br\/?page_id=41689\/#documentos'   class='av-icon-char' style='font-size:40px;line-height:40px;width:40px;' aria-hidden='true' data-av_icon='\ue84b' data-av_iconfont='entypo-fontello' ><\/a><span class='av_icon_caption av-special-font'>Regulamento do TCC<\/span><\/span><br \/>\n<section class=\"av_textblock_section \"  itemscope=\"itemscope\" itemtype=\"https:\/\/schema.org\/CreativeWork\" ><div class='avia_textblock  '   itemprop=\"text\" ><p>\u2800\u2800\u2800\u2800\u2800\u2800\u2800\u2800\u2800<\/p>\n<\/div><\/section><br \/>\n<span  class=\"av_font_icon avia_animate_when_visible avia-icon-animate  av-icon-style-border  av-no-color avia-icon-pos-center \" style=\"\"><a href='https:\/\/amazonia.fiocruz.br\/wp-content\/uploads\/2024\/06\/SP_ConteudoProgramatico.pdf'   class='av-icon-char' style='font-size:40px;line-height:40px;width:40px;' aria-hidden='true' data-av_icon='\ue8a5' data-av_iconfont='entypo-fontello' ><\/a><span class='av_icon_caption av-special-font'>Matriz Pedag\u00f3gica<\/span><\/span><br \/>\n<section class=\"av_textblock_section \"  itemscope=\"itemscope\" itemtype=\"https:\/\/schema.org\/CreativeWork\" ><div class='avia_textblock  '   itemprop=\"text\" ><p>\u2800\u2800\u2800\u2800\u2800\u2800\u2800\u2800\u2800<\/p>\n<\/div><\/section><br \/>\n<span  class=\"av_font_icon avia_animate_when_visible avia-icon-animate  av-icon-style-border  av-no-color avia-icon-pos-center \" style=\"\"><a href='https:\/\/amazonia.fiocruz.br\/?page_id=41689\/#documentos'   class='av-icon-char' style='font-size:40px;line-height:40px;width:40px;' aria-hidden='true' data-av_icon='\ue838' data-av_iconfont='entypo-fontello' ><\/a><span class='av_icon_caption av-special-font'>Formul\u00e1rios<\/span><\/span><\/p><\/div><\/div><\/div><\/div><!-- close content main div --><\/div><\/div><div id='after_section_2'  class='main_color av_default_container_wrap container_wrap sidebar_right' style=' '  ><div class='container' ><div class='template-page content  av-content-small alpha units'><div class='post-entry post-entry-type-page post-entry-46401'><div class='entry-content-wrapper clearfix'>\n","protected":false},"excerpt":{"rendered":"","protected":false},"author":69,"featured_media":0,"parent":0,"menu_order":0,"comment_status":"closed","ping_status":"closed","template":"","meta":{"footnotes":""},"class_list":["post-46401","page","type-page","status-publish","hentry"],"_links":{"self":[{"href":"https:\/\/amazonia.fiocruz.br\/index.php?rest_route=\/wp\/v2\/pages\/46401","targetHints":{"allow":["GET"]}}],"collection":[{"href":"https:\/\/amazonia.fiocruz.br\/index.php?rest_route=\/wp\/v2\/pages"}],"about":[{"href":"https:\/\/amazonia.fiocruz.br\/index.php?rest_route=\/wp\/v2\/types\/page"}],"author":[{"embeddable":true,"href":"https:\/\/amazonia.fiocruz.br\/index.php?rest_route=\/wp\/v2\/users\/69"}],"replies":[{"embeddable":true,"href":"https:\/\/amazonia.fiocruz.br\/index.php?rest_route=%2Fwp%2Fv2%2Fcomments&post=46401"}],"version-history":[{"count":11,"href":"https:\/\/amazonia.fiocruz.br\/index.php?rest_route=\/wp\/v2\/pages\/46401\/revisions"}],"predecessor-version":[{"id":52087,"href":"https:\/\/amazonia.fiocruz.br\/index.php?rest_route=\/wp\/v2\/pages\/46401\/revisions\/52087"}],"wp:attachment":[{"href":"https:\/\/amazonia.fiocruz.br\/index.php?rest_route=%2Fwp%2Fv2%2Fmedia&parent=46401"}],"curies":[{"name":"wp","href":"https:\/\/api.w.org\/{rel}","templated":true}]}}