{"id":42227,"date":"2024-02-26T10:44:21","date_gmt":"2024-02-26T14:44:21","guid":{"rendered":"https:\/\/amazonia.fiocruz.br\/?page_id=42227"},"modified":"2024-02-26T11:31:09","modified_gmt":"2024-02-26T15:31:09","slug":"biblioteca-dr-antonio-levino-3-3-2","status":"publish","type":"page","link":"https:\/\/amazonia.fiocruz.br\/?page_id=42227","title":{"rendered":"REPRESENTANTES DOS SERVIDORES DO CD-ILMD\/FIOCRUZ AMAZ\u00d4NIA BI\u00caNIO 2023-2025"},"content":{"rendered":"<div id='av_section_1'  class='avia-section main_color avia-section-no-padding avia-no-border-styling  avia-bg-style-scroll  avia-builder-el-0  el_before_av_one_full  avia-builder-el-first   av-mini-hide av-minimum-height av-minimum-height-custom  container_wrap sidebar_right' style='background-repeat: no-repeat; background-image: url(https:\/\/amazonia.fiocruz.br\/wp-content\/uploads\/2024\/02\/Testeira-site_representantes_CD.jpg);background-attachment: scroll; background-position: top center;  '  data-section-bg-repeat='no-repeat'><div class='container' style='height:321px'><main  role=\"main\" itemprop=\"mainContentOfPage\"  class='template-page content  av-content-small alpha units'><div class='post-entry post-entry-type-page post-entry-42227'><div class='entry-content-wrapper clearfix'><\/div><\/div><\/main><!-- close content main element --><\/div><\/div><div id='after_section_1'  class='main_color av_default_container_wrap container_wrap sidebar_right' style=' '  ><div class='container' ><div class='template-page content  av-content-small alpha units'><div class='post-entry post-entry-type-page post-entry-42227'><div class='entry-content-wrapper clearfix'>\n<div class=\"flex_column av_one_full  flex_column_div first  avia-builder-el-1  el_after_av_section  el_before_av_one_full  avia-builder-el-first  \" style='margin-top:0px; margin-bottom:0px; padding:0 px; border-radius:0px; '><div  style='padding-bottom:10px; margin:0px 0px 0px 0px; ' class='av-special-heading av-special-heading-h1    avia-builder-el-2  avia-builder-el-no-sibling  '><h1 class='av-special-heading-tag '  itemprop=\"headline\"  >ELEI\u00c7\u00c3O PARA REPRESENTANTES DOS SERVIDORES NO CD-ILMD\/FIOCRUZ AMAZ\u00d4NIA BI\u00caNIO 2024-2026<\/h1><div class='special-heading-border'><div class='special-heading-inner-border' ><\/div><\/div><\/div><\/div>\n<div class=\"flex_column av_one_full  flex_column_div av-zero-column-padding first  avia-builder-el-3  el_after_av_one_full  avia-builder-el-last  column-top-margin\" style='border-radius:0px; '><p><div  style=' margin-top:10px; margin-bottom:10px;'  class='hr hr-custom hr-center hr-icon-yes   avia-builder-el-4  el_before_av_textblock  avia-builder-el-first '><span class='hr-inner  inner-border-av-border-fat' style=' width:800px; max-width:45%;' ><span class='hr-inner-style'><\/span><\/span><span class='av-seperator-icon'  aria-hidden='true' data-av_icon='\ue823' data-av_iconfont='entypo-fontello'><\/span><span class='hr-inner  inner-border-av-border-fat' style=' width:800px; max-width:45%;' ><span class='hr-inner-style'><\/span><\/span><\/div><br \/>\n<section class=\"av_textblock_section \"  itemscope=\"itemscope\" itemtype=\"https:\/\/schema.org\/CreativeWork\" ><div class='avia_textblock  '  style='font-size:15px; '  itemprop=\"text\" ><p style=\"text-align: justify;\">A Comiss\u00e3o Eleitoral, composta pelos servidores Luciene Pereira de Araujo (presidente), F\u00e1bio Rocha Cabral, Aldemir Lima Maquin\u00e9 e Felipe Arley Pessoa (membros), \u00a0homologada pelo Conselho Deliberativo do ILMD\/Fiocruz Amaz\u00f4nia e institu\u00edda pela Resolu\u00e7\u00e3o n\u00ba 001\/2024 \u2013 GAB\/ILMD, de 29\/01\/2024, divulga o Edital de Convoca\u00e7\u00e3o para elei\u00e7\u00f5es dos representantes dos servidores\u00a0(titulares e suplentes) das \u00e1reas de Pesquisa, Ensino e Gest\u00e3o no CD-ILMD\/Fiocruz Amaz\u00f4nia, para o bi\u00eanio 2024-2026.<\/p>\n<p style=\"text-align: justify;\">Confira os documentos do processo eleitoral e clique em cima do documento para fazer download:<\/p>\n<ol style=\"text-align: justify;\">\n<li><a href=\"https:\/\/amazonia.fiocruz.br\/wp-content\/uploads\/2024\/02\/Edital_Regulamento-CD-2024-2026-homologado-pelo-CD-16-02-2024.pdf\" target=\"_blank\" rel=\"noopener\">Documento com edital e regulamento;<\/a><\/li>\n<li><a href=\"https:\/\/amazonia.fiocruz.br\/wp-content\/uploads\/2024\/02\/Lista-de-servidores-da-Gestao-Ensino-e-Pesquisa-do-ILMD-para-eleicao-CD-2024-2026.pdf\" target=\"_blank\" rel=\"noopener\">Lista dos integrantes do Col\u00e9gio Eleitoral;<\/a><\/li>\n<li><a href=\"https:\/\/amazonia.fiocruz.br\/wp-content\/uploads\/2024\/02\/Ficha-de-incricao-2024-2026.docx\" target=\"_blank\" rel=\"noopener\">Ficha de inscri\u00e7\u00e3o.<\/a><\/li>\n<\/ol>\n<p style=\"text-align: justify;\"><em>Ascom-ILMD\/Fiocruz Amaz\u00f4nia<\/em><\/p>\n<\/div><\/section><\/p><\/div>\n","protected":false},"excerpt":{"rendered":"","protected":false},"author":68,"featured_media":0,"parent":0,"menu_order":0,"comment_status":"closed","ping_status":"closed","template":"","meta":{"footnotes":""},"class_list":["post-42227","page","type-page","status-publish","hentry"],"_links":{"self":[{"href":"https:\/\/amazonia.fiocruz.br\/index.php?rest_route=\/wp\/v2\/pages\/42227","targetHints":{"allow":["GET"]}}],"collection":[{"href":"https:\/\/amazonia.fiocruz.br\/index.php?rest_route=\/wp\/v2\/pages"}],"about":[{"href":"https:\/\/amazonia.fiocruz.br\/index.php?rest_route=\/wp\/v2\/types\/page"}],"author":[{"embeddable":true,"href":"https:\/\/amazonia.fiocruz.br\/index.php?rest_route=\/wp\/v2\/users\/68"}],"replies":[{"embeddable":true,"href":"https:\/\/amazonia.fiocruz.br\/index.php?rest_route=%2Fwp%2Fv2%2Fcomments&post=42227"}],"version-history":[{"count":24,"href":"https:\/\/amazonia.fiocruz.br\/index.php?rest_route=\/wp\/v2\/pages\/42227\/revisions"}],"predecessor-version":[{"id":42265,"href":"https:\/\/amazonia.fiocruz.br\/index.php?rest_route=\/wp\/v2\/pages\/42227\/revisions\/42265"}],"wp:attachment":[{"href":"https:\/\/amazonia.fiocruz.br\/index.php?rest_route=%2Fwp%2Fv2%2Fmedia&parent=42227"}],"curies":[{"name":"wp","href":"https:\/\/api.w.org\/{rel}","templated":true}]}}