{"id":22404,"date":"2017-11-27T20:11:24","date_gmt":"2017-11-27T20:11:24","guid":{"rendered":"https:\/\/amazonia.fiocruz.br\/?page_id=22404"},"modified":"2025-01-13T18:20:07","modified_gmt":"2025-01-13T22:20:07","slug":"doutorado-em-ciencias","status":"publish","type":"page","link":"https:\/\/amazonia.fiocruz.br\/?page_id=22404","title":{"rendered":"Doutorado em Ci\u00eancias"},"content":{"rendered":"<div id='av_section_1'  class='avia-section main_color avia-section-default avia-no-shadow  avia-full-stretch avia-bg-style-scroll  avia-builder-el-0  el_before_av_submenu  avia-builder-el-first   av-minimum-height av-minimum-height-50  container_wrap sidebar_right' style='background-repeat: no-repeat; background-image: url(https:\/\/amazonia.fiocruz.br\/wp-content\/uploads\/2017\/06\/slider2.png);background-attachment: scroll; background-position: top left;  '  data-section-bg-repeat='stretch' data-av_minimum_height_pc='50'><div class='container' ><main  role=\"main\" itemprop=\"mainContentOfPage\"  class='template-page content  av-content-small alpha units'><div class='post-entry post-entry-type-page post-entry-22404'><div class='entry-content-wrapper clearfix'>\n<div class=\"flex_column av_one_half  flex_column_div av-zero-column-padding first  avia-builder-el-1  avia-builder-el-no-sibling  \" style='border-radius:0px; '><div  style='padding-bottom:10px; color:#ffffff;font-size:30px;' class='av-special-heading av-special-heading-h3 custom-color-heading blockquote modern-quote  avia-builder-el-2  avia-builder-el-no-sibling  av-inherit-size '><h3 class='av-special-heading-tag '  itemprop=\"headline\"  >DOUTORADO<br \/>EM CI\u00caNCIAS<\/h3><div class ='av-subheading av-subheading_below av_custom_color ' style='font-size:18px;'><p>ILMD\/Fiocruz Amaz\u00f4nia<\/p>\n<\/div><div class='special-heading-border'><div class='special-heading-inner-border' style='border-color:#ffffff'><\/div><\/div><\/div><\/div>\n\n<\/div><\/div><\/main><!-- close content main element --><\/div><\/div><div id='pos'  class='avia-section main_color avia-section-default avia-no-border-styling  av-section-color-overlay-active avia-bg-style-fixed   container_wrap sidebar_right' style=' '  ><div class='av-section-color-overlay-wrap'><div class='av-section-color-overlay' style='opacity: 0.5; '><\/div><div class='container' ><div class='template-page content  av-content-small alpha units'><div class='post-entry post-entry-type-page post-entry-22404'><div class='entry-content-wrapper clearfix'>\n<div  style='padding-bottom:10px; font-size:40px;' class='av-special-heading av-special-heading-h4  blockquote modern-quote modern-centered  av-thin-font av-inherit-size '><h4 class='av-special-heading-tag '  itemprop=\"headline\"  ><strong>Doutorado em Ci\u00eancias &#8211; Coopera\u00e7\u00e3o IOC-ILMD<br \/> (Encerrado)<\/strong><\/h4><div class='special-heading-border'><div class='special-heading-inner-border' ><\/div><\/div><\/div>\n<div   class='hr hr-short hr-center  '><span class='hr-inner ' ><span class='hr-inner-style'><\/span><\/span><\/div>\n<div class=\"flex_column av_one_half  flex_column_div first  \" ><section class=\"av_textblock_section \"  itemscope=\"itemscope\" itemtype=\"https:\/\/schema.org\/CreativeWork\" ><div class='avia_textblock  '  style='font-size:15px; '  itemprop=\"text\" ><p style=\"text-align: justify;\"><b>Dados do Curso:<\/b><\/p>\n<p style=\"text-align: justify;\">O Programa de Doutorado em Ci\u00eancias \u2013 Coopera\u00e7\u00e3o IOC-ILMD, \u00e9 um cons\u00f3rcio entre os programas de P\u00f3s-gradua\u00e7\u00e3o Stricto sensu do Instituto Oswaldo Cruz (IOC\/Fiocruz) e o Instituto de Pesquisa Le\u00f4nidas &#038; Maria Deane (Fiocruz-Manaus). O objetivo da iniciativa \u00e9 incrementar a oferta de oportunidades de forma\u00e7\u00e3o em pesquisa em sa\u00fade na regi\u00e3o Norte. Cinco programas de P\u00f3s-gradua\u00e7\u00e3o do IOC est\u00e3o envolvidos na parceria \u2013 Biologia Celular e Molecular, Biodiversidade e Sa\u00fade, Biologia Parasit\u00e1ria, Biologia Computacional\/Sistemas e Medicina Tropical. Al\u00e9m de juntar esfor\u00e7os para qualificar recursos humanos, essa coopera\u00e7\u00e3o entre IOC e ILMD \u00e9 uma forma de fortalecer a integra\u00e7\u00e3o entre as unidades da Fiocruz.<\/p>\n<div class=\"av-subheading av-subheading_below \"><\/div>\n<\/div><\/section><\/div><div class=\"flex_column av_one_half  flex_column_div av-zero-column-padding   \" style='border-radius:0px; '><section class=\"av_textblock_section \"  itemscope=\"itemscope\" itemtype=\"https:\/\/schema.org\/CreativeWork\" ><div class='avia_textblock  '  style='font-size:15px; '  itemprop=\"text\" ><p style=\"text-align: justify;\"><b>Objetivo:<\/b><\/p>\n<p style=\"text-align: justify;\">Formar doutores e docentes comprometidos com uma vis\u00e3o contempor\u00e2nea da tem\u00e1tica regional, nacional e internacional na \u00e1rea da sa\u00fade coletiva.<\/p>\n<p class=\"av-special-heading-tag\" style=\"text-align: justify;\"><b>P\u00fablico Alvo:<\/b><\/p>\n<div class=\"av-subheading av-subheading_below \">\n<p style=\"text-align: justify;\">O Programa \u00e9 voltado para portadores de diploma de mestrado (ou equivalente) com interesse em conduzir pesquisas em \u00e1reas espec\u00edficas e em atuar como docente no ensino superior e na p\u00f3s-gradua\u00e7\u00e3o Lato e Stricto sensu, estando comprometidos com uma vis\u00e3o contempor\u00e2nea da tem\u00e1tica regional, nacional e internacional na \u00e1rea das ci\u00eancias biol\u00f3gicas, biom\u00e9dicas, da sa\u00fade e afins\u200b.<\/p>\n<\/div>\n<div class=\"av-subheading av-subheading_below \"><\/div>\n<\/div><\/section><\/div><\/div><\/div><\/div><!-- close content main div --><\/div><\/div><\/div><div id='after_section_2'  class='main_color av_default_container_wrap container_wrap sidebar_right' style=' '  ><div class='container' ><div class='template-page content  av-content-small alpha units'><div class='post-entry post-entry-type-page post-entry-22404'><div class='entry-content-wrapper clearfix'><div class=\"flex_column av_one_full  flex_column_div first  \" ><p><div  style='padding-bottom:10px; font-size:30px;' class='av-special-heading av-special-heading-h4  blockquote modern-quote modern-centered  av-thin-font av-inherit-size '><h4 class='av-special-heading-tag '  itemprop=\"headline\"  ><strong>Coordena\u00e7\u00e3o do Curso<\/strong><\/h4><div class='special-heading-border'><div class='special-heading-inner-border' ><\/div><\/div><\/div><br \/>\n<div   data-autoplay='1'  data-interval='5'  data-animation='fade'  data-hoverpause='1'  class='avia-testimonial-wrapper avia-grid-testimonials avia-grid-3-testimonials avia_animate_when_almost_visible   '>\n<section class ='avia-testimonial-row'><div class='avia-testimonial av_one_third flex_column no_margin avia-testimonial-row-1 avia-first-testimonial' ><div class='avia-testimonial_inner'  itemscope=\"itemscope\" itemtype=\"https:\/\/schema.org\/CreativeWork\" ><div class='avia-testimonial-image'  itemprop=\"image\"  style='background-image:url(https:\/\/amazonia.fiocruz.br\/wp-content\/uploads\/2017\/05\/CS-179x180.png);'><\/div><div class='avia-testimonial-content '  ><div class='avia-testimonial-markup-entry-content'  itemprop=\"text\" ><\/div><\/div><div class='avia-testimonial-meta'><div class='avia-testimonial-arrow-wrap'><div class='avia-arrow'><\/div><\/div><div class='avia-testimonial-meta-mini'  itemprop=\"author\" itemscope=\"itemscope\" itemtype=\"https:\/\/schema.org\/Person\" ><strong  class='avia-testimonial-name'    itemprop=\"name\" >Coordenadora<\/strong><span  class='avia-testimonial-subtitle '    itemprop=\"jobTitle\" >Cl\u00e1udia Maria Rios Velasquez <\/br>(VDEIC\/ILMD)<\/span><\/div><\/div><\/div><\/div>\n<div class='avia-testimonial av_one_third flex_column no_margin avia-testimonial-row-1 ' ><div class='avia-testimonial_inner'  itemscope=\"itemscope\" itemtype=\"https:\/\/schema.org\/CreativeWork\" ><div class='avia-testimonial-image'  itemprop=\"image\"  style='background-image:url(https:\/\/amazonia.fiocruz.br\/wp-content\/uploads\/2017\/05\/perfil_sem_foto_facebook-180x180.jpg);'><\/div><div class='avia-testimonial-content '  ><div class='avia-testimonial-markup-entry-content'  itemprop=\"text\" ><\/div><\/div><div class='avia-testimonial-meta'><div class='avia-testimonial-arrow-wrap'><div class='avia-arrow'><\/div><\/div><div class='avia-testimonial-meta-mini'  itemprop=\"author\" itemscope=\"itemscope\" itemtype=\"https:\/\/schema.org\/Person\" ><strong  class='avia-testimonial-name'    itemprop=\"name\" >Coordenador Geral<\/strong><span  class='avia-testimonial-subtitle '    itemprop=\"jobTitle\" >Marcelo Alves Pinto<\/br>(VDEIC\/IOC)<\/span><\/div><\/div><\/div><\/div>\n<\/section><\/div><\/p><\/div><\/p>\n","protected":false},"excerpt":{"rendered":"","protected":false},"author":26,"featured_media":0,"parent":0,"menu_order":0,"comment_status":"closed","ping_status":"closed","template":"","meta":{"footnotes":""},"class_list":["post-22404","page","type-page","status-publish","hentry"],"_links":{"self":[{"href":"https:\/\/amazonia.fiocruz.br\/index.php?rest_route=\/wp\/v2\/pages\/22404","targetHints":{"allow":["GET"]}}],"collection":[{"href":"https:\/\/amazonia.fiocruz.br\/index.php?rest_route=\/wp\/v2\/pages"}],"about":[{"href":"https:\/\/amazonia.fiocruz.br\/index.php?rest_route=\/wp\/v2\/types\/page"}],"author":[{"embeddable":true,"href":"https:\/\/amazonia.fiocruz.br\/index.php?rest_route=\/wp\/v2\/users\/26"}],"replies":[{"embeddable":true,"href":"https:\/\/amazonia.fiocruz.br\/index.php?rest_route=%2Fwp%2Fv2%2Fcomments&post=22404"}],"version-history":[{"count":6,"href":"https:\/\/amazonia.fiocruz.br\/index.php?rest_route=\/wp\/v2\/pages\/22404\/revisions"}],"predecessor-version":[{"id":50327,"href":"https:\/\/amazonia.fiocruz.br\/index.php?rest_route=\/wp\/v2\/pages\/22404\/revisions\/50327"}],"wp:attachment":[{"href":"https:\/\/amazonia.fiocruz.br\/index.php?rest_route=%2Fwp%2Fv2%2Fmedia&parent=22404"}],"curies":[{"name":"wp","href":"https:\/\/api.w.org\/{rel}","templated":true}]}}

Doutorado em Ciências

<div id='av_section_1'  class='avia-section main_color avia-section-default avia-no-shadow  avia-full-stretch avia-bg-style-scroll  avia-builder-el-0  el_before_av_submenu  avia-builder-el-first   av-minimum-height av-minimum-height-50  container_wrap sidebar_right' style='background-repeat: no-repeat; background-image: url(https://amazonia.fiocruz.br/wp-content/uploads/2017/06/slider2.png);background-attachment: scroll; background-position: top left;  '  data-section-bg-repeat='stretch' data-av_minimum_height_pc='50'><div class='container' ><main  role="main" itemprop="mainContentOfPage"  class='template-page content  av-content-small alpha units'><div class='post-entry post-entry-type-page post-entry-22404'><div class='entry-content-wrapper clearfix'>
<div class="flex_column av_one_half  flex_column_div av-zero-column-padding first  avia-builder-el-1  avia-builder-el-no-sibling  " style='border-radius:0px; '><div  style='padding-bottom:10px; color:#ffffff;font-size:30px;' class='av-special-heading av-special-heading-h3 custom-color-heading blockquote modern-quote  avia-builder-el-2  avia-builder-el-no-sibling  av-inherit-size '><h3 class='av-special-heading-tag '  itemprop="headline"  >DOUTORADO<br />EM CIÊNCIAS</h3><div class ='av-subheading av-subheading_below av_custom_color ' style='font-size:18px;'><p>ILMD/Fiocruz Amazônia</p>
</div><div class='special-heading-border'><div class='special-heading-inner-border' style='border-color:#ffffff'></div></div></div></div>

</div></div></main><!-- close content main element --></div></div><div id='pos'  class='avia-section main_color avia-section-default avia-no-border-styling  av-section-color-overlay-active avia-bg-style-fixed   container_wrap sidebar_right' style=' '  ><div class='av-section-color-overlay-wrap'><div class='av-section-color-overlay' style='opacity: 0.5; '></div><div class='container' ><div class='template-page content  av-content-small alpha units'><div class='post-entry post-entry-type-page post-entry-22404'><div class='entry-content-wrapper clearfix'>
<div  style='padding-bottom:10px; font-size:40px;' class='av-special-heading av-special-heading-h4  blockquote modern-quote modern-centered  av-thin-font av-inherit-size '><h4 class='av-special-heading-tag '  itemprop="headline"  ><strong>Doutorado em Ciências &#8211; Cooperação IOC-ILMD<br /> (Encerrado)</strong></h4><div class='special-heading-border'><div class='special-heading-inner-border' ></div></div></div>
<div   class='hr hr-short hr-center  '><span class='hr-inner ' ><span class='hr-inner-style'></span></span></div>
<div class="flex_column av_one_half  flex_column_div first  " ><section class="av_textblock_section "  itemscope="itemscope" itemtype="https://schema.org/CreativeWork" ><div class='avia_textblock  '  style='font-size:15px; '  itemprop="text" ><p style="text-align: justify;"><b>Dados do Curso:</b></p>
<p style="text-align: justify;">O Programa de Doutorado em Ciências – Cooperação IOC-ILMD, é um consórcio entre os programas de Pós-graduação Stricto sensu do Instituto Oswaldo Cruz (IOC/Fiocruz) e o Instituto de Pesquisa Leônidas &#038; Maria Deane (Fiocruz-Manaus). O objetivo da iniciativa é incrementar a oferta de oportunidades de formação em pesquisa em saúde na região Norte. Cinco programas de Pós-graduação do IOC estão envolvidos na parceria – Biologia Celular e Molecular, Biodiversidade e Saúde, Biologia Parasitária, Biologia Computacional/Sistemas e Medicina Tropical. Além de juntar esforços para qualificar recursos humanos, essa cooperação entre IOC e ILMD é uma forma de fortalecer a integração entre as unidades da Fiocruz.</p>
<div class="av-subheading av-subheading_below "></div>
</div></section></div><div class="flex_column av_one_half  flex_column_div av-zero-column-padding   " style='border-radius:0px; '><section class="av_textblock_section "  itemscope="itemscope" itemtype="https://schema.org/CreativeWork" ><div class='avia_textblock  '  style='font-size:15px; '  itemprop="text" ><p style="text-align: justify;"><b>Objetivo:</b></p>
<p style="text-align: justify;">Formar doutores e docentes comprometidos com uma visão contemporânea da temática regional, nacional e internacional na área da saúde coletiva.</p>
<p class="av-special-heading-tag" style="text-align: justify;"><b>Público Alvo:</b></p>
<div class="av-subheading av-subheading_below ">
<p style="text-align: justify;">O Programa é voltado para portadores de diploma de mestrado (ou equivalente) com interesse em conduzir pesquisas em áreas específicas e em atuar como docente no ensino superior e na pós-graduação Lato e Stricto sensu, estando comprometidos com uma visão contemporânea da temática regional, nacional e internacional na área das ciências biológicas, biomédicas, da saúde e afins​.</p>
</div>
<div class="av-subheading av-subheading_below "></div>
</div></section></div></div></div></div><!-- close content main div --></div></div></div><div id='after_section_2'  class='main_color av_default_container_wrap container_wrap sidebar_right' style=' '  ><div class='container' ><div class='template-page content  av-content-small alpha units'><div class='post-entry post-entry-type-page post-entry-22404'><div class='entry-content-wrapper clearfix'><div class="flex_column av_one_full  flex_column_div first  " ><p><div  style='padding-bottom:10px; font-size:30px;' class='av-special-heading av-special-heading-h4  blockquote modern-quote modern-centered  av-thin-font av-inherit-size '><h4 class='av-special-heading-tag '  itemprop="headline"  ><strong>Coordenação do Curso</strong></h4><div class='special-heading-border'><div class='special-heading-inner-border' ></div></div></div><br />
<div   data-autoplay='1'  data-interval='5'  data-animation='fade'  data-hoverpause='1'  class='avia-testimonial-wrapper avia-grid-testimonials avia-grid-3-testimonials avia_animate_when_almost_visible   '>
<section class ='avia-testimonial-row'><div class='avia-testimonial av_one_third flex_column no_margin avia-testimonial-row-1 avia-first-testimonial' ><div class='avia-testimonial_inner'  itemscope="itemscope" itemtype="https://schema.org/CreativeWork" ><div class='avia-testimonial-image'  itemprop="image"  style='background-image:url(https://amazonia.fiocruz.br/wp-content/uploads/2017/05/CS-179x180.png);'></div><div class='avia-testimonial-content '  ><div class='avia-testimonial-markup-entry-content'  itemprop="text" ></div></div><div class='avia-testimonial-meta'><div class='avia-testimonial-arrow-wrap'><div class='avia-arrow'></div></div><div class='avia-testimonial-meta-mini'  itemprop="author" itemscope="itemscope" itemtype="https://schema.org/Person" ><strong  class='avia-testimonial-name'    itemprop="name" >Coordenadora</strong><span  class='avia-testimonial-subtitle '    itemprop="jobTitle" >Cláudia Maria Rios Velasquez </br>(VDEIC/ILMD)</span></div></div></div></div>
<div class='avia-testimonial av_one_third flex_column no_margin avia-testimonial-row-1 ' ><div class='avia-testimonial_inner'  itemscope="itemscope" itemtype="https://schema.org/CreativeWork" ><div class='avia-testimonial-image'  itemprop="image"  style='background-image:url(https://amazonia.fiocruz.br/wp-content/uploads/2017/05/perfil_sem_foto_facebook-180x180.jpg);'></div><div class='avia-testimonial-content '  ><div class='avia-testimonial-markup-entry-content'  itemprop="text" ></div></div><div class='avia-testimonial-meta'><div class='avia-testimonial-arrow-wrap'><div class='avia-arrow'></div></div><div class='avia-testimonial-meta-mini'  itemprop="author" itemscope="itemscope" itemtype="https://schema.org/Person" ><strong  class='avia-testimonial-name'    itemprop="name" >Coordenador Geral</strong><span  class='avia-testimonial-subtitle '    itemprop="jobTitle" >Marcelo Alves Pinto</br>(VDEIC/IOC)</span></div></div></div></div>
</section></div></p></div></p>
