{"id":16015,"date":"2016-07-01T18:23:48","date_gmt":"2016-07-01T18:23:48","guid":{"rendered":"https:\/\/192.168.240.20\/?page_id=16015"},"modified":"2025-09-16T12:53:15","modified_gmt":"2025-09-16T16:53:15","slug":"amarca-ilmd-fiocruz-amazonia","status":"publish","type":"page","link":"https:\/\/amazonia.fiocruz.br\/?page_id=16015","title":{"rendered":"A Marca"},"content":{"rendered":"<div id='av_section_1'  class='avia-section main_color avia-section-default avia-no-shadow  avia-full-stretch avia-bg-style-scroll  avia-builder-el-0  el_before_av_section  avia-builder-el-first   av-minimum-height av-minimum-height-custom  container_wrap sidebar_right' style='background-repeat: no-repeat; background-image: url(https:\/\/amazonia.fiocruz.br\/wp-content\/uploads\/2016\/07\/marca-6.png);background-attachment: scroll; background-position: top left;  '  data-section-bg-repeat='stretch'><div class='container' style='height:350px'><main  role=\"main\" itemprop=\"mainContentOfPage\"  class='template-page content  av-content-small alpha units'><div class='post-entry post-entry-type-page post-entry-16015'><div class='entry-content-wrapper clearfix'>\n<div class=\"flex_column av_one_half  flex_column_div av-zero-column-padding first  avia-builder-el-1  avia-builder-el-no-sibling  \" style='border-radius:0px; '><div  style='padding-bottom:10px; color:#ffffff;font-size:30px;' class='av-special-heading av-special-heading-h3 custom-color-heading blockquote modern-quote  avia-builder-el-2  avia-builder-el-no-sibling  av-thin-font av-inherit-size '><h3 class='av-special-heading-tag '  itemprop=\"headline\"  ><strong>A MARCA<\/strong><\/h3><div class ='av-subheading av-subheading_below av_custom_color ' style='font-size:18px;'><p>ILMD\/Fiocruz Amaz\u00f4nia<\/p>\n<\/div><div class='special-heading-border'><div class='special-heading-inner-border' style='border-color:#ffffff'><\/div><\/div><\/div><\/div>\n\n<\/div><\/div><\/main><!-- close content main element --><\/div><\/div><div id='linhaspesquisas'  class='avia-section alternate_color avia-section-default avia-no-border-styling  avia-bg-style-scroll  avia-builder-el-3  el_after_av_section  avia-builder-el-last   av-minimum-height av-minimum-height-50  container_wrap sidebar_right' style=' '   data-av_minimum_height_pc='50'><div class='container' ><div class='template-page content  av-content-small alpha units'><div class='post-entry post-entry-type-page post-entry-16015'><div class='entry-content-wrapper clearfix'>\n<div  style='height:40px' class='hr hr-invisible   avia-builder-el-4  el_before_av_one_full  avia-builder-el-first '><span class='hr-inner ' ><span class='hr-inner-style'><\/span><\/span><\/div>\n<div class=\"flex_column av_one_full  flex_column_div first  avia-builder-el-5  el_after_av_hr  el_before_av_one_full  \" ><div  style='padding-bottom:10px; font-size:55px;' class='av-special-heading av-special-heading-h3  blockquote modern-quote modern-centered  avia-builder-el-6  avia-builder-el-no-sibling  av-thin-font av-inherit-size '><h3 class='av-special-heading-tag '  itemprop=\"headline\"  ><strong>A Marca<\/strong><\/h3><div class='special-heading-border'><div class='special-heading-inner-border' ><\/div><\/div><\/div><\/div><div class=\"flex_column av_one_full  flex_column_div av-zero-column-padding first  avia-builder-el-7  el_after_av_one_full  el_before_av_one_half  column-top-margin\" style='border-radius:0px; '><section class=\"av_textblock_section \"  itemscope=\"itemscope\" itemtype=\"https:\/\/schema.org\/CreativeWork\" ><div class='avia_textblock  '  style='font-size:18px; '  itemprop=\"text\" ><p style=\"text-align: justify;\">A nova marca do Instituto Le\u00f4nidas &#038; Maria Deane (ILMD\/Fiocruz Amaz\u00f4nia), aprovada no dia 21 de outubro de 2016, em reuni\u00e3o do Conselho Deliberativo (CD), \u00e9 composta por elementos representativos da cultura institucional incluindo cores, tipografia e grafismos.<\/p>\n<p style=\"text-align: justify;\">Inspirada na ab\u00f3bada e arabescos do Castelo Mourisco, s\u00edmbolo da Fiocruz, pela oca, representa\u00e7\u00e3o arquitet\u00f4nica do pr\u00e9dio do ILMD\/Fiocruz Amaz\u00f4nia, por grafismos representativos de comunidades e de figuras abstratas, e pelo homem vitruviano que simboliza o discernimento, a partir do conhecimento.<\/p>\n<p style=\"text-align: justify;\">A marca do\u00a0 ILMD\/Fiocruz\u00a0 Amaz\u00f4nia \u00e9 um valioso ativo institucional, que tem como cuidadores seus colaboradores, que s\u00e3o os principais respons\u00e1veis por proteger os interesses da institui\u00e7\u00e3o, impedindo o uso n\u00e3o autorizado ou incorreto de seus elementos visuais.<\/p>\n<p style=\"text-align: justify;\">A marca do ILMD\/Fiocruz Amaz\u00f4nia\u00a0\u00e9 \u00a0mais do que um logotipo ou um s\u00edmbolo; \u00e9 a representa\u00e7\u00e3o de uma s\u00e9rie de atributos e valores que refletem a Institui\u00e7\u00e3o. \u00a0A aplica\u00e7\u00e3o rigorosa das diretrizes do Manual da Marca no seu\u00a0uso contribui para manter a\u00a0integridade da imagem institucional.<\/p>\n<p style=\"text-align: justify;\">Os arquivos para aplica\u00e7\u00e3o s\u00e3o fornecidos pela institui\u00e7\u00e3o em formatos padr\u00e3o do sistema gr\u00e1fico: PNG, PDF e\u00a0JPG.<\/p>\n<p><span style=\"color: red;\">\u00a0<\/span><\/p>\n<p style=\"text-align: center;\">\n<\/div><\/section><\/div><div class=\"flex_column av_one_half  av-animated-generic top-to-bottom  flex_column_div av-zero-column-padding first  avia-builder-el-9  el_after_av_one_full  el_before_av_one_half  column-top-margin\" style='background-color:rgba(123,193,25,0.08); border-radius:15px; '><p><span  class=\"av_font_icon avia_animate_when_visible avia-icon-animate  av-icon-style-  av-no-color avia-icon-pos-center \" style=\"\"><span class='av-icon-char' style='font-size:40px;line-height:40px;' aria-hidden='true' data-av_icon='\ue8c5' data-av_iconfont='fontello' ><\/span><\/span><br \/>\n<section class=\"av_textblock_section \"  itemscope=\"itemscope\" itemtype=\"https:\/\/schema.org\/CreativeWork\" ><div class='avia_textblock  '   itemprop=\"text\" ><p style=\"text-align: center;\"><a href=\"https:\/\/amazonia.fiocruz.br\/wp-content\/uploads\/2024\/06\/Assinatura-conjunta-2024-ILMD-Fiocruz-SUS_preta-1.png\" target=\"_blank\" rel=\"noopener\"><strong>Assinatura conjunta ILMD, Fiocruz e SUS<br \/>\nFormato .PNG &#8211; Cor preta<\/strong><\/a><\/p>\n<p style=\"text-align: center;\">Aplica\u00e7\u00e3o em baixa resolu\u00e7\u00e3o para web e monitores<\/p>\n<\/div><\/section><\/p><\/div><div class=\"flex_column av_one_half  av-animated-generic top-to-bottom  flex_column_div av-zero-column-padding   avia-builder-el-12  el_after_av_one_half  el_before_av_one_half  column-top-margin\" style='background-color:rgba(123,193,25,0.08); border-radius:15px; '><p><span  class=\"av_font_icon avia_animate_when_visible avia-icon-animate  av-icon-style-  av-no-color avia-icon-pos-center \" style=\"\"><span class='av-icon-char' style='font-size:40px;line-height:40px;' aria-hidden='true' data-av_icon='\ue8c5' data-av_iconfont='fontello' ><\/span><\/span><br \/>\n<section class=\"av_textblock_section \"  itemscope=\"itemscope\" itemtype=\"https:\/\/schema.org\/CreativeWork\" ><div class='avia_textblock  '   itemprop=\"text\" ><p style=\"text-align: center;\"><a href=\"https:\/\/amazonia.fiocruz.br\/wp-content\/uploads\/2024\/06\/Assinatura-conjunta-2024-ILMD-Fiocruz-SUS_branca-1.png\" target=\"_blank\" rel=\"noopener\"><strong>Assinatura conjunta ILMD, Fiocruz e SUS<br \/>\nFormato .PNG &#8211; Cor branca<\/strong><\/a><\/p>\n<p style=\"text-align: center;\">Aplica\u00e7\u00e3o em baixa resolu\u00e7\u00e3o para web e monitores<\/p>\n<\/div><\/section><\/p><\/div><div class=\"flex_column av_one_half  av-animated-generic top-to-bottom  flex_column_div av-zero-column-padding first  avia-builder-el-15  el_after_av_one_half  el_before_av_one_half  column-top-margin\" style='background-color:rgba(123,193,25,0.08); border-radius:15px; '><p><span  class=\"av_font_icon avia_animate_when_visible avia-icon-animate  av-icon-style-  av-no-color avia-icon-pos-center \" style=\"\"><span class='av-icon-char' style='font-size:40px;line-height:40px;' aria-hidden='true' data-av_icon='\ue8c5' data-av_iconfont='fontello' ><\/span><\/span><br \/>\n<section class=\"av_textblock_section \"  itemscope=\"itemscope\" itemtype=\"https:\/\/schema.org\/CreativeWork\" ><div class='avia_textblock  '   itemprop=\"text\" ><p style=\"text-align: center;\"><a href=\"https:\/\/amazonia.fiocruz.br\/wp-content\/uploads\/2025\/09\/NovaAss_ILMD-Fiocruz-SUS-Mins-GovFederal_2025_Linhapreta.png\" target=\"_blank\" rel=\"noopener\"><strong>Assinatura conjunta ILMD, Fiocruz, SUS, Minist\u00e9rio da Sa\u00fade e Governo Federal<br \/>\nFormato PNG &#8211; Cor preta<\/strong><\/a><\/p>\n<p style=\"text-align: center;\">Aplica\u00e7\u00e3o em baixa resolu\u00e7\u00e3o para web e monitores<\/p>\n<\/div><\/section><\/p><\/div><div class=\"flex_column av_one_half  av-animated-generic top-to-bottom  flex_column_div av-zero-column-padding   avia-builder-el-18  el_after_av_one_half  avia-builder-el-last  column-top-margin\" style='background-color:rgba(123,193,25,0.08); border-radius:15px; '><p><span  class=\"av_font_icon avia_animate_when_visible avia-icon-animate  av-icon-style-  av-no-color avia-icon-pos-center \" style=\"\"><span class='av-icon-char' style='font-size:40px;line-height:40px;' aria-hidden='true' data-av_icon='\ue8c5' data-av_iconfont='fontello' ><\/span><\/span><br \/>\n<section class=\"av_textblock_section \"  itemscope=\"itemscope\" itemtype=\"https:\/\/schema.org\/CreativeWork\" ><div class='avia_textblock  '   itemprop=\"text\" ><p style=\"text-align: center;\"><a href=\"https:\/\/amazonia.fiocruz.br\/wp-content\/uploads\/2025\/09\/NovaAss_ILMD-Fiocruz-SUS-Mins-GovFederal_2025_Linhabranca.png\" target=\"_blank\" rel=\"noopener\"><strong>Assinatura conjunta ILMD, Fiocruz, SUS, Minist\u00e9rio da Sa\u00fade e Governo Federal<br \/>\nFormato PNG &#8211; Cor branca<\/strong><\/a><\/p>\n<p style=\"text-align: center;\">Aplica\u00e7\u00e3o em baixa resolu\u00e7\u00e3o para web e monitores<\/p>\n<\/div><\/section><\/p><\/div><\/div><\/div><\/div><!-- close content main div --><\/div><\/div><div id='after_section_2'  class='main_color av_default_container_wrap container_wrap sidebar_right' style=' '  ><div class='container' ><div class='template-page content  av-content-small alpha units'><div class='post-entry post-entry-type-page post-entry-16015'><div class='entry-content-wrapper clearfix'>\n","protected":false},"excerpt":{"rendered":"","protected":false},"author":20,"featured_media":0,"parent":0,"menu_order":0,"comment_status":"closed","ping_status":"closed","template":"","meta":{"footnotes":""},"class_list":["post-16015","page","type-page","status-publish","hentry"],"_links":{"self":[{"href":"https:\/\/amazonia.fiocruz.br\/index.php?rest_route=\/wp\/v2\/pages\/16015","targetHints":{"allow":["GET"]}}],"collection":[{"href":"https:\/\/amazonia.fiocruz.br\/index.php?rest_route=\/wp\/v2\/pages"}],"about":[{"href":"https:\/\/amazonia.fiocruz.br\/index.php?rest_route=\/wp\/v2\/types\/page"}],"author":[{"embeddable":true,"href":"https:\/\/amazonia.fiocruz.br\/index.php?rest_route=\/wp\/v2\/users\/20"}],"replies":[{"embeddable":true,"href":"https:\/\/amazonia.fiocruz.br\/index.php?rest_route=%2Fwp%2Fv2%2Fcomments&post=16015"}],"version-history":[{"count":89,"href":"https:\/\/amazonia.fiocruz.br\/index.php?rest_route=\/wp\/v2\/pages\/16015\/revisions"}],"predecessor-version":[{"id":56058,"href":"https:\/\/amazonia.fiocruz.br\/index.php?rest_route=\/wp\/v2\/pages\/16015\/revisions\/56058"}],"wp:attachment":[{"href":"https:\/\/amazonia.fiocruz.br\/index.php?rest_route=%2Fwp%2Fv2%2Fmedia&parent=16015"}],"curies":[{"name":"wp","href":"https:\/\/api.w.org\/{rel}","templated":true}]}}